{"id":143,"date":"2014-09-09T23:47:27","date_gmt":"2014-09-09T23:47:27","guid":{"rendered":"http:\/\/editionlempfer.de\/?page_id=143"},"modified":"2018-05-24T10:00:39","modified_gmt":"2018-05-24T08:00:39","slug":"haftungshinweise","status":"publish","type":"page","link":"http:\/\/www.editionlempfer.de\/?page_id=143","title":{"rendered":"HAFTUNGSHINWEISE"},"content":{"rendered":"<p><strong>HAFTUNGSAUSSCHLUSS<\/strong><\/p>\n<p>Als Diensteanbieter sind wir gem\u00e4\u00df \u00a7 7 Abs.1 TMG f\u00fcr eigene Inhalte auf diesen Seiten nach den allgemeinen Gesetzen verantwortlich. Nach \u00a7\u00a7 8 bis 10 TMG sind wir als Diensteanbieter jedoch nicht verpflichtet, \u00fcbermittelte oder gespeicherte fremde Informationen zu \u00fcberwachen oder nach Umst\u00e4nden zu forschen, die auf eine rechtswidrige T\u00e4tigkeit hinweisen. Verpflichtungen zur Entfernung oder Sperrung der Nutzung von Informationen nach den allgemeinen Gesetzen bleiben hiervon unber\u00fchrt. Eine diesbez\u00fcgliche Haftung ist jedoch erst ab dem Zeitpunkt der Kenntnis einer konkreten Rechtsverletzung m\u00f6glich. Bei Bekanntwerden von entsprechenden Rechtsverletzungen werden wir diese Inhalte umgehend entfernen<\/p>\n<p>Auf unseren Seiten befinden sich Links zu externen Webseiten. Zum Zeitpunkt der Verlinkung waren diese Seiten frei von illegalen Inhalten. Da uns eine st\u00e4ndige Kontrolle unm\u00f6glich ist, distanzieren wir uns ausdr\u00fccklich von den Inhalten externer Websites. Daf\u00fcr sind ausschlie\u00dflich die Betreiber verantwortlich.<\/p>\n<p>&nbsp;<\/p>\n<p><strong>URHEBERRECHTE<\/strong><br \/>\nAlle Bilder, Grafiken und Texte auf dieser Webseite sind Eigentum der Edition Lempfer oder Dritter. Sie unterliegen dem deutschen Urheberrecht und d\u00fcrfen ohne deren Zustimmung weder kopiert, ver\u00e4ndert, verbreitet noch missbr\u00e4uchlich verwendet werden. Jegliche Nutzung bedarf der schriftlichen Zustimmung des jeweiligen Autors oder Erstellers. Downloads und Kopien dieser Seite sind nur f\u00fcr den privaten, nicht kommerziellen Gebrauch gestattet. Soweit die Inhalte auf dieser Seite nicht vom Betreiber erstellt wurden, werden die Urheberrechte Dritter beachtet. Insbesondere werden Inhalte Dritter als solche gekennzeichnet. Sollten Sie trotzdem auf eine Urheberrechtsverletzung aufmerksam werden, bitten wir um einen entsprechenden Hinweis. Bei Bekanntwerden von Rechtsverletzungen werden wir derartige Inhalte umgehend entfernen.<\/p>\n<p>&nbsp;<\/p>\n<p><strong>ALTERNATIVE STREITBETEILIGUNG<br \/>\n<\/strong><\/p>\n<p>Wir weisen gem\u00e4\u00df Art. 14 Abs. 1 ODR-VO und \u00a736 VSBG darauf hin, dass die Europ\u00e4ische Kommission stellt eine Plattform zur Online-Streitbeilegung (OS) bereitstellt. Sie ist unter <a href=\"https:\/\/ec.europa.eu\/consumers\/odr\" target=\"_blank\" rel=\"noopener\">https:\/\/ec.europa.eu\/consumers\/odr<\/a> zu finden. Zur Teilnahme an einem Streitbeilegungsverfahren vor einer Verbraucherschlichtungsstelle sind wir nicht verpflichtet und nicht bereit.<\/p>\n<p>&nbsp;<\/p>\n<p>Copyright \u00a9 2018 Edition Lempfer<\/p>\n","protected":false},"excerpt":{"rendered":"<p>HAFTUNGSAUSSCHLUSS Als Diensteanbieter sind wir gem\u00e4\u00df \u00a7 7 Abs.1 TMG f\u00fcr eigene Inhalte auf diesen Seiten nach den allgemeinen Gesetzen verantwortlich. Nach \u00a7\u00a7 8 bis 10 TMG sind wir als Diensteanbieter jedoch nicht verpflichtet, \u00fcbermittelte oder gespeicherte fremde Informationen zu &hellip; <a href=\"http:\/\/www.editionlempfer.de\/?page_id=143\">Weiter<\/a><\/p>\n","protected":false},"author":1,"featured_media":0,"parent":113,"menu_order":0,"comment_status":"open","ping_status":"open","template":"","meta":[],"_links":{"self":[{"href":"http:\/\/www.editionlempfer.de\/index.php?rest_route=\/wp\/v2\/pages\/143"}],"collection":[{"href":"http:\/\/www.editionlempfer.de\/index.php?rest_route=\/wp\/v2\/pages"}],"about":[{"href":"http:\/\/www.editionlempfer.de\/index.php?rest_route=\/wp\/v2\/types\/page"}],"author":[{"embeddable":true,"href":"http:\/\/www.editionlempfer.de\/index.php?rest_route=\/wp\/v2\/users\/1"}],"replies":[{"embeddable":true,"href":"http:\/\/www.editionlempfer.de\/index.php?rest_route=%2Fwp%2Fv2%2Fcomments&post=143"}],"version-history":[{"count":10,"href":"http:\/\/www.editionlempfer.de\/index.php?rest_route=\/wp\/v2\/pages\/143\/revisions"}],"predecessor-version":[{"id":781,"href":"http:\/\/www.editionlempfer.de\/index.php?rest_route=\/wp\/v2\/pages\/143\/revisions\/781"}],"up":[{"embeddable":true,"href":"http:\/\/www.editionlempfer.de\/index.php?rest_route=\/wp\/v2\/pages\/113"}],"wp:attachment":[{"href":"http:\/\/www.editionlempfer.de\/index.php?rest_route=%2Fwp%2Fv2%2Fmedia&parent=143"}],"curies":[{"name":"wp","href":"https:\/\/api.w.org\/{rel}","templated":true}]}}