{"id":318,"date":"2014-09-18T08:56:26","date_gmt":"2014-09-18T08:56:26","guid":{"rendered":"http:\/\/editionlempfer.de\/?page_id=318"},"modified":"2014-10-09T01:03:25","modified_gmt":"2014-10-08T23:03:25","slug":"die-edition","status":"publish","type":"page","link":"http:\/\/www.editionlempfer.de\/?page_id=318","title":{"rendered":"DIE EDITION"},"content":{"rendered":"<p>Die EDITION LEMPFER ist ein Notenverlag f\u00fcr Fl\u00f6tenorchester, Spielmannsz\u00fcge und andere Besetzungen mit Querfl\u00f6te. Namensgebend steht hinter dem Verlag der Fl\u00f6tist Tobias Lempfer. Seine ersten musikalischen Schritte hat er im Spielmannszug auf der Querfl\u00f6te gemacht. In der Musikschule kam zum Fl\u00f6tenunterricht noch Klavier, sp\u00e4ter lernte er noch Marimbaphon.<\/p>\n<p style=\"text-align: left;\"><img decoding=\"async\" loading=\"lazy\" class=\"alignleft wp-image-203\" src=\"http:\/\/editionlempfer.de\/wp-content\/uploads\/2014\/09\/tobi.jpg\" alt=\"tobi\" width=\"294\" height=\"230\" srcset=\"http:\/\/www.editionlempfer.de\/wp-content\/uploads\/2014\/09\/tobi.jpg 281w, http:\/\/www.editionlempfer.de\/wp-content\/uploads\/2014\/09\/tobi-148x115.jpg 148w, http:\/\/www.editionlempfer.de\/wp-content\/uploads\/2014\/09\/tobi-31x24.jpg 31w, http:\/\/www.editionlempfer.de\/wp-content\/uploads\/2014\/09\/tobi-38x29.jpg 38w, http:\/\/www.editionlempfer.de\/wp-content\/uploads\/2014\/09\/tobi-274x215.jpg 274w\" sizes=\"(max-width: 294px) 100vw, 294px\" \/>Tobias studierte Querfl\u00f6te und Musikerziehung an der Hochschule f\u00fcr Musik und Theater Hannover. Seit Abschluss des Studiums unterrichtet Tobias Lempfer als selbstst\u00e4ndiger Musiklehrer privat und f\u00fcr Musikschulen in und um Hannover. Er konzertiert regelm\u00e4\u00dfig solistisch und als Mitglied verschiedenen Kammermusikbesetzungen. Fl\u00f6tenorchester und Fl\u00f6tenensembles verlassen sich auf seine langj\u00e4hrige Erfahrung und laden ihn regelm\u00e4\u00dfig als Dozent zu Workshops ein.<\/p>\n<p style=\"text-align: left;\">Bei der Arbeit mit Fl\u00f6tenorchestern entstehen regelm\u00e4\u00dfig Arrangements und Kompositionen. Von diesen St\u00fccken sollen die besten Werke auch anderen Ensembles zug\u00e4nglich gemacht werden, um deren Repertoire um qualitativ hochwertige Literatur zu erweitern. Viele seiner Werke geh\u00f6ren bereits zum Standard-Repertoire.<\/p>\n<p style=\"text-align: left;\">Die EDITION LEMPFER ist ein sehr kleiner Verlag und arbeitet nebenberuflich. Die Notenausgaben mit Ringbindung werden nur auf Bestellung hergestellt. Die Verlagsarbeit findet \u00fcberwiegend an den Wochenenden statt. St\u00e4ndige telefonische Erreichbarkeit kann nicht gew\u00e4hrleistet werden, der Anrufbeantworter arbeitet aber zuverl\u00e4ssig. Zuverl\u00e4ssig kommen auch E-Mails an.<\/p>\n<p style=\"text-align: left;\">Noch ein Wort zu den verschiedenen BESETZUNGEN. Die Arrangements und Kompositionen sind f\u00fcr B\u00f6hmfl\u00f6ten geschrieben. Doch fast immer k\u00f6nnen die Werke auch anderen Besetzungsformen angepasst werden. Mal ist das nur ein Mausklick, mal ist dazu gr\u00f6\u00dferer Aufwand n\u00f6tig. Manchmal geht es auch gar nicht (zum Beispiel bei vielen &#8222;entfernten&#8220; Tonartwechseln, wenn die Fl\u00f6tenstimmen zu tief f\u00fcr Fes-\/Es-Altfl\u00f6te werden oder wenn die Melodief\u00fchrung auf Sandnerfl\u00f6te nicht realisierbar ist). F\u00fcr Stabspiel- und Schlagwerkstimmen ist die minimale Anzahl von Spielern angegeben, dabei bleiben die &#8222;ad libitum-Stimmen&#8220; unbesetzt. Nat\u00fcrlich ist eine volle Besetzung klangsch\u00f6ner. F\u00fcr C\/B- und B\/Es-Besetzung wird zus\u00e4tzlich die transponierte Glockenspielstimme als Lyrastimme in B, f\u00fcr Ces\/Fes-Besetzung als Lyrastimme in Ces mitgeliefert. Sonderw\u00fcnsche bei Besetzungen k\u00f6nnen nach absprache erf\u00fcllt werden, brauchen aber h\u00e4ufig etwas Zeit.<\/p>\n<p style=\"text-align: left;\">F\u00fcr viele St\u00fccke gibt es Demo-Versionen (Computer-Simulationen und Live-Mitschnitte). Wenn Sie eine sch\u00f6ne Aufnahme von einem St\u00fcck aus unserem Verlagsprogramm haben und sie als Demo-Version zur Verf\u00fcgung stellen wollen, w\u00fcrden wir uns sehr freuen.<\/p>\n","protected":false},"excerpt":{"rendered":"<p>Die EDITION LEMPFER ist ein Notenverlag f\u00fcr Fl\u00f6tenorchester, Spielmannsz\u00fcge und andere Besetzungen mit Querfl\u00f6te. Namensgebend steht hinter dem Verlag der Fl\u00f6tist Tobias Lempfer. Seine ersten musikalischen Schritte hat er im Spielmannszug auf der Querfl\u00f6te gemacht. In der Musikschule kam zum &hellip; <a href=\"http:\/\/www.editionlempfer.de\/?page_id=318\">Weiter<\/a><\/p>\n","protected":false},"author":1,"featured_media":0,"parent":0,"menu_order":0,"comment_status":"open","ping_status":"open","template":"","meta":[],"_links":{"self":[{"href":"http:\/\/www.editionlempfer.de\/index.php?rest_route=\/wp\/v2\/pages\/318"}],"collection":[{"href":"http:\/\/www.editionlempfer.de\/index.php?rest_route=\/wp\/v2\/pages"}],"about":[{"href":"http:\/\/www.editionlempfer.de\/index.php?rest_route=\/wp\/v2\/types\/page"}],"author":[{"embeddable":true,"href":"http:\/\/www.editionlempfer.de\/index.php?rest_route=\/wp\/v2\/users\/1"}],"replies":[{"embeddable":true,"href":"http:\/\/www.editionlempfer.de\/index.php?rest_route=%2Fwp%2Fv2%2Fcomments&post=318"}],"version-history":[{"count":10,"href":"http:\/\/www.editionlempfer.de\/index.php?rest_route=\/wp\/v2\/pages\/318\/revisions"}],"predecessor-version":[{"id":1027,"href":"http:\/\/www.editionlempfer.de\/index.php?rest_route=\/wp\/v2\/pages\/318\/revisions\/1027"}],"wp:attachment":[{"href":"http:\/\/www.editionlempfer.de\/index.php?rest_route=%2Fwp%2Fv2%2Fmedia&parent=318"}],"curies":[{"name":"wp","href":"https:\/\/api.w.org\/{rel}","templated":true}]}}