{"id":1392,"date":"2014-12-28T11:18:09","date_gmt":"2014-12-28T09:18:09","guid":{"rendered":"http:\/\/www.editionlempfer.de\/?product=kron-marsch"},"modified":"2017-04-26T12:56:17","modified_gmt":"2017-04-26T10:56:17","slug":"kron-marsch","status":"publish","type":"product","link":"http:\/\/www.editionlempfer.de\/?product=kron-marsch","title":{"rendered":"Kron-Marsch"},"content":{"rendered":"","protected":false},"excerpt":{"rendered":"<h6><span style=\"color: #808080;\">*Endpreis zzgl. Versandkosten, keine Ausweisung der Mehrwertsteuer gem\u00e4\u00df \u00a7 19 UStG<\/span><\/h6>\n<hr \/>\n<p><strong>Musik:<\/strong> Johann Strauss (Sohn)<strong><br \/>\n<\/strong><\/p>\n<p><strong>Arrangement: <\/strong>Tobias Lempfer<\/p>\n<hr \/>\n<p><em>Johann Strau\u00df (Sohn) komponierte den Kron-Marsch (Opus 139) anl\u00e4sslich der R\u00fcckf\u00fchrung der ungarischen Stephanskrone nach Wien. In der Partitur sind einige ungarische Nationalmotive aufgenommen. Uraufgef\u00fchrt wurde der Marsch bei einem Benefiz-Konzert im Wiener Volksgarten am 09. Oktober 1853.<\/em><\/p>\n<p><em>Der knackige Konzertmarsch wird leider sehr wenig gespielt. Er wurde zur Zeit der Entstehung nicht verlegt, die Orchesterfassung galt lange als verschollen. Deshalb ist der Kron-Marsch nicht so stark im Ged\u00e4chtnis der Menschen verankert, wie z.B. der Radetzky-Marsch. Zu Unrecht, denn dieser kleine Strauss-Marsch ist sehr gut komponiert, ist musikalische spannend angelegt und die Melodien bleiben lange im Ohr. Er ist in allen Besetzungen sehr gut spielbar und auch f\u00fcr kleinere Ensembles geeignet.<br \/>\n<\/em><\/p>\n<p><strong><em>SCHWIERIGKEITSGRAD:\u00a0<\/em><\/strong><em>BDMV Kategorie 3 <\/em><\/p>\n<p><em><strong>DAUER:<\/strong> ca. 2&#8217;45 Minuten<\/em><\/p>\n<hr \/>\n[audio mp3=\"http:\/\/www.editionlempfer.de\/wp-content\/uploads\/2014\/12\/Kron-Marsch-Demo.mp3\"][\/audio]\n<hr \/>\n<ul>\n<li><strong>C-Besetzung:<\/strong> Piccolo 1\/2, Fl\u00f6te 1\/2\/3, Altfl\u00f6te in G (ad lib.), Bassfl\u00f6te (ad lib.), Kontrabassfl\u00f6te (ad lib.)<\/li>\n<li><strong>C\/B-Besetzung<\/strong>: Piccolo 1\/2, Sopran 1\/2, Fl\u00f6te 1\/2\/3, Altfl\u00f6te in G (ad lib.), Bassfl\u00f6te (ad lib.), Kontrabassfl\u00f6te (ad lib.)<\/li>\n<li><strong>Ces\/Fes-Besetzung:<\/strong> Sopran in Ces 1\/2, Alt in Fes 1\/2, Tenor in Ces<\/li>\n<li><strong>B\/Es-Besetzung:<\/strong> Sopran in B 1\/2, Alt in Es 1\/2, Tenor in B<\/li>\n<li><strong>Stabspiele<\/strong>: Glockenspiel, Marimba (Bass), Marimba 2 (ad lib.) [2 Spieler+]<\/li>\n<li><strong>Schlagwerk:<\/strong> Pauken (ad lib.), Kleine Trommel\/Triangel, Becken\/Gro\u00dfe Trommel [3 Spieler+]<\/li>\n<\/ul>\n<p><span style=\"color: #6aa694;\"><em>Anmerkung: Es ist kein Bassmarimba erforderlich. Alle Kompositionen und Arrangements sind f\u00fcr ein Standard-4 \u2153-Oktaven-Marimba geschrieben. Sollten Marimba 1 und Marimba 2 besetzt sein, k\u00f6nnen die Stimmen ebenfalls auf einem 4 \u2153-Oktaven-Instrument gespielt werden.<\/em><\/span><\/p>\n<hr \/>\n<p><a href=\"http:\/\/www.editionlempfer.de\/?product=kron-marsch-partitur\" target=\"_blank\"> Extra-Partituren<\/a><\/p>\n","protected":false},"featured_media":1395,"comment_status":"closed","ping_status":"closed","template":"","meta":[],"product_cat":[21],"product_tag":[],"_links":{"self":[{"href":"http:\/\/www.editionlempfer.de\/index.php?rest_route=\/wp\/v2\/product\/1392"}],"collection":[{"href":"http:\/\/www.editionlempfer.de\/index.php?rest_route=\/wp\/v2\/product"}],"about":[{"href":"http:\/\/www.editionlempfer.de\/index.php?rest_route=\/wp\/v2\/types\/product"}],"replies":[{"embeddable":true,"href":"http:\/\/www.editionlempfer.de\/index.php?rest_route=%2Fwp%2Fv2%2Fcomments&post=1392"}],"wp:featuredmedia":[{"embeddable":true,"href":"http:\/\/www.editionlempfer.de\/index.php?rest_route=\/wp\/v2\/media\/1395"}],"wp:attachment":[{"href":"http:\/\/www.editionlempfer.de\/index.php?rest_route=%2Fwp%2Fv2%2Fmedia&parent=1392"}],"wp:term":[{"taxonomy":"product_cat","embeddable":true,"href":"http:\/\/www.editionlempfer.de\/index.php?rest_route=%2Fwp%2Fv2%2Fproduct_cat&post=1392"},{"taxonomy":"product_tag","embeddable":true,"href":"http:\/\/www.editionlempfer.de\/index.php?rest_route=%2Fwp%2Fv2%2Fproduct_tag&post=1392"}],"curies":[{"name":"wp","href":"https:\/\/api.w.org\/{rel}","templated":true}]}}

<h6><span style="color: #808080;">*Endpreis zzgl. Versandkosten, keine Ausweisung der Mehrwertsteuer gemäß § 19 UStG</span></h6>
<hr />
<p><strong>Musik:</strong> Johann Strauss (Sohn)<strong><br />
</strong></p>
<p><strong>Arrangement: </strong>Tobias Lempfer</p>
<hr />
<p><em>Johann Strauß (Sohn) komponierte den Kron-Marsch (Opus 139) anlässlich der Rückführung der ungarischen Stephanskrone nach Wien. In der Partitur sind einige ungarische Nationalmotive aufgenommen. Uraufgeführt wurde der Marsch bei einem Benefiz-Konzert im Wiener Volksgarten am 09. Oktober 1853.</em></p>
<p><em>Der knackige Konzertmarsch wird leider sehr wenig gespielt. Er wurde zur Zeit der Entstehung nicht verlegt, die Orchesterfassung galt lange als verschollen. Deshalb ist der Kron-Marsch nicht so stark im Gedächtnis der Menschen verankert, wie z.B. der Radetzky-Marsch. Zu Unrecht, denn dieser kleine Strauss-Marsch ist sehr gut komponiert, ist musikalische spannend angelegt und die Melodien bleiben lange im Ohr. Er ist in allen Besetzungen sehr gut spielbar und auch für kleinere Ensembles geeignet.<br />
</em></p>
<p><strong><em>SCHWIERIGKEITSGRAD: </em></strong><em>BDMV Kategorie 3 </em></p>
<p><em><strong>DAUER:</strong> ca. 2&#8217;45 Minuten</em></p>
<hr />
[audio mp3="http://www.editionlempfer.de/wp-content/uploads/2014/12/Kron-Marsch-Demo.mp3"][/audio]
<hr />
<ul>
<li><strong>C-Besetzung:</strong> Piccolo 1/2, Flöte 1/2/3, Altflöte in G (ad lib.), Bassflöte (ad lib.), Kontrabassflöte (ad lib.)</li>
<li><strong>C/B-Besetzung</strong>: Piccolo 1/2, Sopran 1/2, Flöte 1/2/3, Altflöte in G (ad lib.), Bassflöte (ad lib.), Kontrabassflöte (ad lib.)</li>
<li><strong>Ces/Fes-Besetzung:</strong> Sopran in Ces 1/2, Alt in Fes 1/2, Tenor in Ces</li>
<li><strong>B/Es-Besetzung:</strong> Sopran in B 1/2, Alt in Es 1/2, Tenor in B</li>
<li><strong>Stabspiele</strong>: Glockenspiel, Marimba (Bass), Marimba 2 (ad lib.) [2 Spieler+]</li>
<li><strong>Schlagwerk:</strong> Pauken (ad lib.), Kleine Trommel/Triangel, Becken/Große Trommel [3 Spieler+]</li>
</ul>
<p><span style="color: #6aa694;"><em>Anmerkung: Es ist kein Bassmarimba erforderlich. Alle Kompositionen und Arrangements sind für ein Standard-4 ⅓-Oktaven-Marimba geschrieben. Sollten Marimba 1 und Marimba 2 besetzt sein, können die Stimmen ebenfalls auf einem 4 ⅓-Oktaven-Instrument gespielt werden.</em></span></p>
<hr />
<p><a href="http://www.editionlempfer.de/?product=kron-marsch-partitur" target="_blank"> Extra-Partituren</a></p>
