{"id":1898,"date":"2015-09-04T11:40:27","date_gmt":"2015-09-04T09:40:27","guid":{"rendered":"http:\/\/www.editionlempfer.de\/?product=air-wedding-day"},"modified":"2016-11-14T12:56:45","modified_gmt":"2016-11-14T10:56:45","slug":"air-wedding-day","status":"publish","type":"product","link":"http:\/\/www.editionlempfer.de\/?product=air-wedding-day","title":{"rendered":"Air (Wedding-Day)"},"content":{"rendered":"","protected":false},"excerpt":{"rendered":"<h6><span style=\"color: #808080;\">*Endpreis zzgl. Versandkosten, keine Ausweisung der Mehrwertsteuer gem\u00e4\u00df \u00a7 19 UStG<\/span><\/h6>\n<hr \/>\n<p><strong>Musik:<\/strong> Tobias Lempfer<\/p>\n<hr \/>\n<p><em>Die Air entspricht dem zweiten Satz der Wedding-Day &#8211; Suite. Auch losgel\u00f6st von der Suite ist die Air ein wunderbares Konzert- und Wertungsst\u00fcck. Ideal ist sie nat\u00fcrlich f\u00fcr kirchliche Trauungen!<\/em><\/p>\n<p><em>Ich habe versucht, alle Gedanken, die mit dem Entschluss eines Eheversprechens einhergehen in der eher schlichten Melodie einzufangen, ohne dabei im Kitsch zu versinken. Gro\u00dfes Gl\u00fcck und innige Liebe bestimmen das St\u00fcck. Doch auch der Gedanke an schwierige Zeiten, die gemeinsam durchgestanden werden m\u00fcssen, klingen an. Wundersch\u00f6ne Solo-Parts wechseln sich ab mit elegantem Orchesterklang. Die Air ist ein Muss!<\/em><\/p>\n<p><strong><em>SCHWIERIGKEITSGRAD: <\/em><\/strong><em>BDMV <\/em><em>Kategorie 3<\/em><\/p>\n<p><em><strong>DAUER:<\/strong> ca. 2&#8217;45 Minuten<br \/>\n<\/em><\/p>\n<hr \/>\n<p>Ein Klangbeispiel dieses Titels darf aus urheberrechtlichen Gr\u00fcnden leider nicht ver\u00f6ffentlich werden. Sie k\u00f6nnen gerne ein Demo unter kontakt [@] editionlempfer.de anfordern.<\/p>\n<hr \/>\n<ul>\n<li><strong>C-Besetzung <u>mit<\/u> Alt- und Bassfl\u00f6ten:<\/strong> Piccolo 1\/2, Fl\u00f6te Solo\/1\/2\/3, Altfl\u00f6te in G, Bassfl\u00f6te, Kontrabassfl\u00f6te (ad lib.)<\/li>\n<li><strong>C-Besetzung <u>ohne<\/u> Alt- und Bassfl\u00f6ten:<\/strong> Piccolo 1\/2, Fl\u00f6te Solo\/1\/2\/3<\/li>\n<li><strong>C\/B-Besetzung<u> mit <\/u>Alt- und Bassfl\u00f6ten:<\/strong> Piccolo 1\/2, Sopran 1\/2, Fl\u00f6te Solo\/1\/2\/3, Altfl\u00f6te in G, Bassfl\u00f6te, Kontrabassfl\u00f6te (ad lib.)<\/li>\n<li><strong>C\/B-Besetzung <u>ohne<\/u> Alt- und Bassfl\u00f6ten:<\/strong> Piccolo 1\/2, Sopran 1\/2, Fl\u00f6te Solo\/1\/2\/3<\/li>\n<li><strong>Ces\/Fes-Besetzung:<\/strong> Sopran in Ces 1\/2\/3, Alt in Fes 1\/2, Tenor in Ces<\/li>\n<li><strong>B\/Es-Besetzung:<\/strong> Sopran in B 1\/2\/3, Alt in Es 1\/2, Tenor in B<\/li>\n<li><strong>Fl\u00f6tenorchester:<\/strong> Piccolo (Solo), Fl\u00f6te Solo\/1\/2\/3, Altfl\u00f6te in G, Bassfl\u00f6te, Kontrabassfl\u00f6te (ad lib.)<\/li>\n<\/ul>\n<ul>\n<li><strong>Stabspiele<\/strong>: Glockenspiel, Vibraphon (ad lib.)\/Xylophon, Marimba (Bass) [3 Spieler]<\/li>\n<li><strong>Schlagwerk:<\/strong> Pauken, Kleine Trommel, Congas\/Beatring, Toms, Shaker\/Chimes, sus. Cymbals\/Gro\u00dfe Trommel [7 Spieler]<\/li>\n<\/ul>\n<p><span style=\"color: #6aa694;\"><em>Anmerkung: Es ist kein Bassmarimba erforderlich. Alle Kompositionen und Arrangements sind f\u00fcr ein Standard-4 \u2153-Oktaven-Marimba geschrieben. Sollten Marimba 1 und Marimba 2 besetzt sein, k\u00f6nnen die Stimmen ebenfalls auf einem 4 \u2153-Oktaven-Instrument gespielt werden.<\/em><\/span><\/p>\n<hr \/>\n<p><a href=\"http:\/\/www.editionlempfer.de\/?product=air-wedding-day-partitur\"><strong>Extra-Partituren<\/strong><\/a><\/p>\n","protected":false},"featured_media":1900,"comment_status":"closed","ping_status":"closed","template":"","meta":[],"product_cat":[22,26,28],"product_tag":[],"_links":{"self":[{"href":"http:\/\/www.editionlempfer.de\/index.php?rest_route=\/wp\/v2\/product\/1898"}],"collection":[{"href":"http:\/\/www.editionlempfer.de\/index.php?rest_route=\/wp\/v2\/product"}],"about":[{"href":"http:\/\/www.editionlempfer.de\/index.php?rest_route=\/wp\/v2\/types\/product"}],"replies":[{"embeddable":true,"href":"http:\/\/www.editionlempfer.de\/index.php?rest_route=%2Fwp%2Fv2%2Fcomments&post=1898"}],"wp:featuredmedia":[{"embeddable":true,"href":"http:\/\/www.editionlempfer.de\/index.php?rest_route=\/wp\/v2\/media\/1900"}],"wp:attachment":[{"href":"http:\/\/www.editionlempfer.de\/index.php?rest_route=%2Fwp%2Fv2%2Fmedia&parent=1898"}],"wp:term":[{"taxonomy":"product_cat","embeddable":true,"href":"http:\/\/www.editionlempfer.de\/index.php?rest_route=%2Fwp%2Fv2%2Fproduct_cat&post=1898"},{"taxonomy":"product_tag","embeddable":true,"href":"http:\/\/www.editionlempfer.de\/index.php?rest_route=%2Fwp%2Fv2%2Fproduct_tag&post=1898"}],"curies":[{"name":"wp","href":"https:\/\/api.w.org\/{rel}","templated":true}]}}