{"id":2253,"date":"2016-01-19T16:24:13","date_gmt":"2016-01-19T14:24:13","guid":{"rendered":"http:\/\/www.editionlempfer.de\/?product=drei-bach-saetze"},"modified":"2018-10-20T09:11:13","modified_gmt":"2018-10-20T07:11:13","slug":"drei-bach-saetze","status":"publish","type":"product","link":"http:\/\/www.editionlempfer.de\/?product=drei-bach-saetze","title":{"rendered":"Drei Bach-S\u00e4tze"},"content":{"rendered":"","protected":false},"excerpt":{"rendered":"<h6><span style=\"color: #808080;\">*Endpreis zzgl. Versandkosten, keine Ausweisung der Mehrwertsteuer gem\u00e4\u00df \u00a7 19 UStG<\/span><\/h6>\n<hr \/>\n<p><strong>Musik: <\/strong>Johann Sebastian Bach (1685-1750)<strong><br \/>\n<\/strong><\/p>\n<p><strong>Arrangement: <\/strong>Tobias Lempfer<\/p>\n<hr \/>\n<p><em>Musik aus der Barockzeit, und dann auch noch von Johann Sebastian Bach mit einem Fl\u00f6tenorchester oder gar mit einem Spielmannszug spielen? Selbstverst\u00e4ndlich! Kaum eine Musik eignet sich besser, um sie neu zu entdecken, stilgetreu zu spielen oder sehr modern und leidenschaftlich zu interpretieren!<\/em><\/p>\n<p><em>Die drei bekannten S\u00e4tze aus Bachs Orchestersuite BWV1068 eignen sich hervorragend, um sie mit unseren Instrumenten spannend und klangsch\u00f6n zu interpretieren. Sie sind ein Publikums-Renner und erweitern unser Repertoire um ein echtes Highlight.<\/em><\/p>\n<p><em>Dieses Arrangement ist sehr flexibel. Es kann mit dem Orchester oder auch nur als Fl\u00f6tenquintett gespielt werden.<\/em><\/p>\n<p>&nbsp;<\/p>\n<p><strong><em>Besetzungen mit Alt- und Bassfl\u00f6te:<\/em><\/strong><\/p>\n<p><em>F\u00fcr C- und C\/B-Besetzung oder Fl\u00f6tenorchester ist dieses Arrangement sehr wandlungsf\u00e4hig. Die Stimmen Fl\u00f6te 1-3, Alt- und Bassfl\u00f6te m\u00fcssen besetzt sein, alle anderen Stimmen sind nach Belieben zu besetzen.<\/em><\/p>\n<p><em>Sehr reizvoll ist eine erg\u00e4nzende Kontrabassfl\u00f6te. In den Gavotten ist eine Besetzung des Marimbas eine tolle Bereicherung. Die Piccolo-Stimmen k\u00f6nnen nach Belieben weggelassen werden. Ich empfehle sie nur f\u00fcr die Gavotten. Die Piccolo 1 kann gerne solistisch besetzt sein und die Piccolo 2 weggelassen werden. Pauken und Glockenspiel w\u00fcrde ich nur in gro\u00dfen Ensembles einsetzen.<\/em><\/p>\n<p>&nbsp;<\/p>\n<p><strong><em>Besetzungen ohne Alt- und Bassfl\u00f6ten:<\/em><\/strong><\/p>\n<p><em>F\u00fcr C-, C\/B-, Ces\/Fes- und B\/Es-Besetzungen kann dieses Arrangement auch auf verschiedene Weisen genutzt werden. Auch hier ist die Basis das Quintett (2 kleine und 3 gro\u00dfe Fl\u00f6ten), das sowohl solistisch als auch chorisch besetzt werden kann. Bei Orchesterbesetzung empfehle ich, Marimba, Pauken und das Glockenspiel hinzuzunehmen.<\/em><\/p>\n<p>&nbsp;<\/p>\n<p><strong><em>SCHWIERIGKEITSGRAD:\u00a0<\/em><\/strong><em>BDMV Kategorie 2<\/em><\/p>\n<p><em>Dauer: ca. 6&#8217;30 incl. aller Wiederholungen (k\u00f6nnen zum Teil weggelassen werden)<\/em><\/p>\n<hr \/>\n<p><strong>H\u00f6rbeispiel AIR<\/strong> <em>ohne Wiederholungen<\/em><\/p>\n[audio mp3=\"http:\/\/www.editionlempfer.de\/wp-content\/uploads\/2016\/01\/Drei-Bach-S\u00e4tze-C-CB-FO-1-Air-Demo.mp3\"][\/audio]\n<p><strong>H\u00f6rbeispiel Gavotte I+II<\/strong> <em>ohne Wiederholungen<\/em><\/p>\n[audio mp3=\"http:\/\/www.editionlempfer.de\/wp-content\/uploads\/2016\/01\/Drei-Bach-S\u00e4tze-C-CB-FO-2-Gavotte-I-und-II-Demo.mp3\"][\/audio]\n<hr \/>\n<ul>\n<li><strong>C-Besetzung mit Alt- und Bassfl\u00f6te \/ Fl\u00f6tenorchester:<\/strong> Fl\u00f6te 1\/2\/3, Altfl\u00f6te in G, Bassfl\u00f6te, Kontrabassfl\u00f6te (ad lib.), Piccolo 1\/2 (ad lib.)<\/li>\n<li><strong>C\/B-Besetzung mit Alt- und Bassfl\u00f6te<\/strong>: Fl\u00f6te 1\/2\/3, Altfl\u00f6te in G, Bassfl\u00f6te, Kontrabassfl\u00f6te (ad lib.), Piccolo 1\/2 (ad lib.), Sopran 1\/2 (ad lib.)<\/li>\n<li><strong>C-Besetzung ohne Alt- und Bassfl\u00f6te: <\/strong>Piccolo 1\/2, Sopran 1\/2, Fl\u00f6te 1\/2\/3<\/li>\n<li><strong>C\/B-Besetzung ohne Alt- und Bassfl\u00f6te: <\/strong>Piccolo 1\/2, Sopran 1\/2, Fl\u00f6te 1\/2\/3<\/li>\n<li><strong>Ces\/Fes-Besetzung:<\/strong> Sopran in Ces 1\/2, Alt in Fes 1\/2, Tenor in Ces<\/li>\n<li><strong>B\/Es-Besetzung:<\/strong> Sopran in B 1\/2, Alt in Es 1\/2, Tenor in B<\/li>\n<\/ul>\n<ul>\n<li><strong>Stabspiele<\/strong>: Glockenspiel (ad lib.), Marimba (Bass) (ad lib.) [0 Spieler+]<\/li>\n<li><strong>Schlagwerk:<\/strong> Pauken (ad lib.) [0 Spieler+]<\/li>\n<\/ul>\n<p><span style=\"color: #6aa694;\"><em>Anmerkung: Es ist kein Bassmarimba erforderlich. Alle Kompositionen und Arrangements sind f\u00fcr ein Standard-4 \u2153-Oktaven-Marimba geschrieben. Sollten Marimba 1 und Marimba 2 besetzt sein, k\u00f6nnen die Stimmen ebenfalls auf einem 4 \u2153-Oktaven-Instrument gespielt werden.<\/em><\/span><\/p>\n<hr \/>\n<p>&nbsp;<\/p>\n","protected":false},"featured_media":2257,"comment_status":"closed","ping_status":"closed","template":"","meta":[],"product_cat":[23,26,27,28],"product_tag":[],"_links":{"self":[{"href":"http:\/\/www.editionlempfer.de\/index.php?rest_route=\/wp\/v2\/product\/2253"}],"collection":[{"href":"http:\/\/www.editionlempfer.de\/index.php?rest_route=\/wp\/v2\/product"}],"about":[{"href":"http:\/\/www.editionlempfer.de\/index.php?rest_route=\/wp\/v2\/types\/product"}],"replies":[{"embeddable":true,"href":"http:\/\/www.editionlempfer.de\/index.php?rest_route=%2Fwp%2Fv2%2Fcomments&post=2253"}],"wp:featuredmedia":[{"embeddable":true,"href":"http:\/\/www.editionlempfer.de\/index.php?rest_route=\/wp\/v2\/media\/2257"}],"wp:attachment":[{"href":"http:\/\/www.editionlempfer.de\/index.php?rest_route=%2Fwp%2Fv2%2Fmedia&parent=2253"}],"wp:term":[{"taxonomy":"product_cat","embeddable":true,"href":"http:\/\/www.editionlempfer.de\/index.php?rest_route=%2Fwp%2Fv2%2Fproduct_cat&post=2253"},{"taxonomy":"product_tag","embeddable":true,"href":"http:\/\/www.editionlempfer.de\/index.php?rest_route=%2Fwp%2Fv2%2Fproduct_tag&post=2253"}],"curies":[{"name":"wp","href":"https:\/\/api.w.org\/{rel}","templated":true}]}}