{"id":2308,"date":"2016-01-24T17:27:40","date_gmt":"2016-01-24T15:27:40","guid":{"rendered":"http:\/\/www.editionlempfer.de\/?product=sicilienne"},"modified":"2016-01-24T17:40:14","modified_gmt":"2016-01-24T15:40:14","slug":"sicilienne","status":"publish","type":"product","link":"http:\/\/www.editionlempfer.de\/?product=sicilienne","title":{"rendered":"Sicilienne"},"content":{"rendered":"","protected":false},"excerpt":{"rendered":"<h6><span style=\"color: #808080;\">*Endpreis zzgl. Versandkosten, keine Ausweisung der Mehrwertsteuer gem\u00e4\u00df \u00a7 19 UStG<\/span><\/h6>\n<hr \/>\n<p><strong>Musik:<\/strong> Maria-Theresia von Paradis (1759-1824)<\/p>\n<p><strong>Arrangement:<\/strong>\u00a0Tobias Lempfer<\/p>\n<hr \/>\n<p><strong><em>Fl\u00f6tenquintett<\/em><\/strong><\/p>\n<p><em>Die Sicilienne von Maria-Theresia v. Paradis, eigentlich f\u00fcr Violine und Klavier komponiert, ist wie geschaffen f\u00fcr die Interpretation mit einem Fl\u00f6tenensemble. Der Fl\u00f6tenton schmeichelt der weichen Melodie und ihrer sanften Begleitung. Um der Stimmlage der Querfl\u00f6ten gerecht zu werden, wurde das Werk von Es-Dur nach G-Dur transponiert. Die Altfl\u00f6te und die Fl\u00f6te 1 wechseln sich mit der Melodief\u00fchrung ab. Die Wiederholungen wurden ausgeschrieben, um die Begleitungen zu variieren.<\/em><\/p>\n<hr \/>\n<p><strong><em>SCHWIERIGKEITSGRAD: <\/em><\/strong><em>Kategorie 3<br \/>\n<\/em><\/p>\n<p><strong><em>DAUER: <\/em><\/strong><em>ca. 2&#8217;40 Minuten<br \/>\n<\/em><\/p>\n<p><strong><em>DIE STIMMEN LIEGEN LOSE IN DER PARTITURENMAPPE!<\/em><\/strong><\/p>\n<hr \/>\n[audio mp3=\"http:\/\/www.editionlempfer.de\/wp-content\/uploads\/2016\/01\/Sicilienne_Paradis-Demo.mp3\"][\/audio]\n<hr \/>\n<ul>\n<li><strong>C-Besetzung:<\/strong> Fl\u00f6te 1\/2\/3, Altfl\u00f6te in G, Bassfl\u00f6te<\/li>\n<\/ul>\n<hr \/>\n","protected":false},"featured_media":2312,"comment_status":"closed","ping_status":"closed","template":"","meta":[],"product_cat":[27],"product_tag":[],"_links":{"self":[{"href":"http:\/\/www.editionlempfer.de\/index.php?rest_route=\/wp\/v2\/product\/2308"}],"collection":[{"href":"http:\/\/www.editionlempfer.de\/index.php?rest_route=\/wp\/v2\/product"}],"about":[{"href":"http:\/\/www.editionlempfer.de\/index.php?rest_route=\/wp\/v2\/types\/product"}],"replies":[{"embeddable":true,"href":"http:\/\/www.editionlempfer.de\/index.php?rest_route=%2Fwp%2Fv2%2Fcomments&post=2308"}],"wp:featuredmedia":[{"embeddable":true,"href":"http:\/\/www.editionlempfer.de\/index.php?rest_route=\/wp\/v2\/media\/2312"}],"wp:attachment":[{"href":"http:\/\/www.editionlempfer.de\/index.php?rest_route=%2Fwp%2Fv2%2Fmedia&parent=2308"}],"wp:term":[{"taxonomy":"product_cat","embeddable":true,"href":"http:\/\/www.editionlempfer.de\/index.php?rest_route=%2Fwp%2Fv2%2Fproduct_cat&post=2308"},{"taxonomy":"product_tag","embeddable":true,"href":"http:\/\/www.editionlempfer.de\/index.php?rest_route=%2Fwp%2Fv2%2Fproduct_tag&post=2308"}],"curies":[{"name":"wp","href":"https:\/\/api.w.org\/{rel}","templated":true}]}}