{"id":2380,"date":"2016-02-18T14:16:25","date_gmt":"2016-02-18T12:16:25","guid":{"rendered":"http:\/\/www.editionlempfer.de\/?product=colonel-bogey"},"modified":"2017-04-26T12:50:47","modified_gmt":"2017-04-26T10:50:47","slug":"colonel-bogey","status":"publish","type":"product","link":"http:\/\/www.editionlempfer.de\/?product=colonel-bogey","title":{"rendered":"Colonel Bogey"},"content":{"rendered":"","protected":false},"excerpt":{"rendered":"<h6><span style=\"color: #808080;\">*Endpreis zzgl. Versandkosten, keine Ausweisung der Mehrwertsteuer gem\u00e4\u00df \u00a7 19 UStG<\/span><\/h6>\n<hr \/>\n<p><strong>Musik:<\/strong> Kenneth J. Alford<\/p>\n<p><strong>Arrangement:<\/strong>\u00a0Tobias Lempfer<\/p>\n<hr \/>\n<p><em>Der britische Komponist Frederick Joseph Ricketts ver\u00f6ffentlichte den Marsch unter seinem K\u00fcnstlernamen Kenneth J. Alford. Die eing\u00e4ngige Melodie wurde bereits im zweiten Weltkrieg von britischen und US-amerikanischen Soldaten mit Spottexten belegt. Sp\u00e4testens durch die gepfiffene Version im Film &#8222;Die Br\u00fccke am Kwai&#8220; wurde der Marsch weltweit bekannt. Die Melodie wurde auch viel f\u00fcr das Werbefernsehen genutzt.<\/em><\/p>\n<p><em>Schon als Kind habe ich diesen Marsch gerne gespielt. Jedoch gruselte es mich immer vor den schrillen hohen Kl\u00e4ngen des Arrangements. Deshalb habe ich diesen Marsch bewusst tief gesetzt. Einige weitere Kniffe waren notwendig, damit aus dem schlichten Milit\u00e4rmarsch ein spannender Konzertmarsch wird.<\/em><\/p>\n<p><em>F\u00fcr die pfiffige Melodie habe ich in die kleinen Fl\u00f6ten eine Solostimme geschrieben. So k\u00f6nnen auch h\u00f6here Passagen wohlklingend vorgetragen werden.<\/em><\/p>\n<p><em>Die \u00fcblichen Wiederholungen habe ich ausnotiert. So ist es trotz der eher kleinen Besetzung unserer Orchester m\u00f6glich, immer andere Begleitungsformen zu kreieren.<\/em><\/p>\n<p><em>Bei der Wiederholung des Trios verzichte ich auf die originale Begleitung. Ich habe sattdessen auf Grundlage der Hauptmelodie eine neue, moderne Begleitung geschrieben.<\/em><\/p>\n<p><em>\u00a0<\/em><\/p>\n<p><strong><em>SCHWIERIGKEITSGRAD: <\/em><\/strong><em>BDMV Kategorie 2<br \/>\n<\/em><\/p>\n<p><strong><em>DAUER: <\/em><\/strong><em>ca. 3&#8217;35 Minuten<br \/>\n<\/em><\/p>\n<hr \/>\n<p>Demo C- und C\/B-Besetzung<\/p>\n[audio mp3=\"http:\/\/www.editionlempfer.de\/wp-content\/uploads\/2016\/02\/Colonel-Bogey-C-CB-Demo.mp3\"][\/audio]\n<p>Demo Ces\/Fes-Besetzung<\/p>\n[audio mp3=\"http:\/\/www.editionlempfer.de\/wp-content\/uploads\/2016\/02\/Colonel-Bogey-CesFes-Demo.mp3\"][\/audio]\n<p>Demo Fl\u00f6tenorchester<\/p>\n[audio mp3=\"http:\/\/www.editionlempfer.de\/wp-content\/uploads\/2016\/02\/Colonel-Bogey-FO-Demo.mp3\"][\/audio]\n<hr \/>\n<ul>\n<li><strong>C-Besetzung:<\/strong> Piccolo Solo\/1\/2, Fl\u00f6te Solo\/1\/2\/3, Altfl\u00f6te in G (ad lib.), Bassfl\u00f6te (ad lib.), Kontrabassfl\u00f6te (ad lib.)<\/li>\n<li><strong>C\/B-Besetzung<\/strong>: Piccolo Solo\/1\/2, Sopran Solo\/1\/2, Fl\u00f6te Solo\/1\/2\/3, Altfl\u00f6te in G (ad lib.), Bassfl\u00f6te (ad lib.), Kontrabassfl\u00f6te (ad lib.)<\/li>\n<li><strong>Ces\/Fes-Besetzung:<\/strong> Sopran in Ces Solo\/1\/2\/3, Alt in Fes 1\/2, Tenor in Ces<\/li>\n<li><strong>B\/Es-Besetzung:<\/strong> Sopran in B Solo\/1\/2\/3, Alt in Es 1\/2, Tenor in B<\/li>\n<li><strong>Fl\u00f6tenorchester:<\/strong> Piccolo (solo), Fl\u00f6te solo\/1\/2\/3\/4, Altfl\u00f6te in G, Bassfl\u00f6te, Kontrabassfl\u00f6te (ad lib.)<\/li>\n<\/ul>\n<ul>\n<li><strong>Stabspiele<\/strong>: Glockenspiel, Marimba 2 (ad lib.), Marimba (Bass) [2 Spieler+]<\/li>\n<li><strong>Schlagwerk:<\/strong> Pauken (ad lib.), Kleine Trommel, Becken\/Gro\u00dfe Trommel [3 Spieler+]<\/li>\n<\/ul>\n<p>&nbsp;<\/p>\n<p><span style=\"color: #6aa694;\"><em>Anmerkung: Es ist kein Bassmarimba erforderlich. Alle Kompositionen und Arrangements sind f\u00fcr ein Standard-4 \u2153-Oktaven-Marimba geschrieben. Sollten Marimba 1 und Marimba 2 besetzt sein, k\u00f6nnen die Stimmen ebenfalls auf einem 4 \u2153-Oktaven-Instrument gespielt werden.<\/em><\/span><\/p>\n<hr \/>\n<p><strong><a href=\"http:\/\/www.editionlempfer.de\/?product=colonel-bogey-partitur\" target=\"_blank\">Extra-Partituren<\/a><\/strong><\/p>\n","protected":false},"featured_media":2385,"comment_status":"closed","ping_status":"closed","template":"","meta":[],"product_cat":[23,25,21],"product_tag":[],"_links":{"self":[{"href":"http:\/\/www.editionlempfer.de\/index.php?rest_route=\/wp\/v2\/product\/2380"}],"collection":[{"href":"http:\/\/www.editionlempfer.de\/index.php?rest_route=\/wp\/v2\/product"}],"about":[{"href":"http:\/\/www.editionlempfer.de\/index.php?rest_route=\/wp\/v2\/types\/product"}],"replies":[{"embeddable":true,"href":"http:\/\/www.editionlempfer.de\/index.php?rest_route=%2Fwp%2Fv2%2Fcomments&post=2380"}],"wp:featuredmedia":[{"embeddable":true,"href":"http:\/\/www.editionlempfer.de\/index.php?rest_route=\/wp\/v2\/media\/2385"}],"wp:attachment":[{"href":"http:\/\/www.editionlempfer.de\/index.php?rest_route=%2Fwp%2Fv2%2Fmedia&parent=2380"}],"wp:term":[{"taxonomy":"product_cat","embeddable":true,"href":"http:\/\/www.editionlempfer.de\/index.php?rest_route=%2Fwp%2Fv2%2Fproduct_cat&post=2380"},{"taxonomy":"product_tag","embeddable":true,"href":"http:\/\/www.editionlempfer.de\/index.php?rest_route=%2Fwp%2Fv2%2Fproduct_tag&post=2380"}],"curies":[{"name":"wp","href":"https:\/\/api.w.org\/{rel}","templated":true}]}}