{"id":3000,"date":"2017-06-26T20:23:29","date_gmt":"2017-06-26T18:23:29","guid":{"rendered":"http:\/\/www.editionlempfer.de\/?post_type=product&#038;p=3000"},"modified":"2018-02-07T21:34:39","modified_gmt":"2018-02-07T19:34:39","slug":"accent-avenue","status":"publish","type":"product","link":"http:\/\/www.editionlempfer.de\/?product=accent-avenue","title":{"rendered":"Accent Avenue"},"content":{"rendered":"","protected":false},"excerpt":{"rendered":"<h6><span style=\"color: #808080;\">*Endpreis zzgl. Versandkosten, keine Ausweisung der Mehrwertsteuer gem\u00e4\u00df \u00a7 19 UStG<\/span><\/h6>\n<hr \/>\n<p><strong>Musik:<\/strong>\u00a0Tobias Lempfer<\/p>\n<hr \/>\n<p><em>Sommerzeit ist Marschierzeit! &#8222;Accent Avenue&#8220; fordert dazu auf, die Knie zu lockern, die H\u00fcften zu schwingen und mit guter Laune drau\u00dfen Musik zu machen. Beim Festumzug und beim Platzkonzert ist &#8222;Accent Avenue&#8220; das ideale St\u00fcck, um die Stimmung zu lockern!<\/em><\/p>\n<p><em>Um den Sopranfl\u00f6ten angenehmere Griffkombinationen zu erm\u00f6glichen, ist die C\/B-Besetzung in einer anderen Tonart als die reine C-Besetzung!<\/em><\/p>\n<p><em>\u00a0<\/em><\/p>\n<p><strong><em>SCHWIERIGKEITSGRAD: <\/em><\/strong><em>Kategorie 2<\/em><\/p>\n<p><strong><em>DAUER: <\/em><\/strong><em>ca. 2&#8217;25 Minuten<br \/>\n<\/em><\/p>\n<hr \/>\n<p>Klangbeispiel C-Besetzung<\/p>\n[audio mp3=\"http:\/\/www.editionlempfer.de\/wp-content\/uploads\/2017\/06\/Accent-Avenue-C-Demo.mp3\"][\/audio]\n<p>Klangbeispiel C\/B-Besetzung<em> (Um den Sopranfl\u00f6ten angenehmere Griffkombinationen zu erm\u00f6glichen, ist die C\/B-Besetzung in einer anderen Tonart als die reine C-Besetzung!)<\/em><\/p>\n[audio mp3=\"http:\/\/www.editionlempfer.de\/wp-content\/uploads\/2017\/06\/Accent-Avenue-CB-Demo.mp3\"][\/audio]\n<p>Klangbeispiel Ces\/Fes-Besetzung<\/p>\n[audio mp3=\"http:\/\/www.editionlempfer.de\/wp-content\/uploads\/2017\/06\/Accent-Avenue-CesFes-Demo.mp3\"][\/audio]\n<hr \/>\n<ul>\n<li><strong>C-Besetzung:<\/strong> Piccolo 1\/2, Fl\u00f6te 1\/2, Altfl\u00f6te in G (ad lib.), Bassfl\u00f6te (ad lib.), Kontrabassfl\u00f6te (ad lib.)<\/li>\n<li><strong>C\/B-Besetzung<\/strong>:\u00a0 Piccolo 1\/2, Sopran 1\/2, Fl\u00f6te 1\/2, Altfl\u00f6te in G (ad lib.), Bassfl\u00f6te (ad lib.), Kontrabassfl\u00f6te (ad lib.)<\/li>\n<li><strong>Ces\/Fes-Besetzung:<\/strong> Sopran in Ces 1\/2, Alt in Fes , Tenor in Ces<\/li>\n<li><strong>B\/Es-Besetzung:<\/strong> Sopran in B 1\/2, Alt in Es, Tenor in B<\/li>\n<li><strong>Fl\u00f6tenorchester:<\/strong> nur auf Anfrage<\/li>\n<\/ul>\n<p>&nbsp;<\/p>\n<ul>\n<li><strong>Stabspiele<\/strong>: Glockenspiel, Marimba (ad lib.) [1 Spieler+]<\/li>\n<li><strong>Schlagwerk:<\/strong> Pauken (ad lib.), Kleine Trommel, Bongos (ad lib.), Toms (ad lib.), Beatring (ad lib.), Becken\/Gro\u00dfe Trommel [3 Spieler+]<\/li>\n<\/ul>\n<hr \/>\n<p><strong>Extra-Partituren<\/strong><\/p>\n","protected":false},"featured_media":3008,"comment_status":"closed","ping_status":"closed","template":"","meta":[],"product_cat":[22,21],"product_tag":[],"_links":{"self":[{"href":"http:\/\/www.editionlempfer.de\/index.php?rest_route=\/wp\/v2\/product\/3000"}],"collection":[{"href":"http:\/\/www.editionlempfer.de\/index.php?rest_route=\/wp\/v2\/product"}],"about":[{"href":"http:\/\/www.editionlempfer.de\/index.php?rest_route=\/wp\/v2\/types\/product"}],"replies":[{"embeddable":true,"href":"http:\/\/www.editionlempfer.de\/index.php?rest_route=%2Fwp%2Fv2%2Fcomments&post=3000"}],"wp:featuredmedia":[{"embeddable":true,"href":"http:\/\/www.editionlempfer.de\/index.php?rest_route=\/wp\/v2\/media\/3008"}],"wp:attachment":[{"href":"http:\/\/www.editionlempfer.de\/index.php?rest_route=%2Fwp%2Fv2%2Fmedia&parent=3000"}],"wp:term":[{"taxonomy":"product_cat","embeddable":true,"href":"http:\/\/www.editionlempfer.de\/index.php?rest_route=%2Fwp%2Fv2%2Fproduct_cat&post=3000"},{"taxonomy":"product_tag","embeddable":true,"href":"http:\/\/www.editionlempfer.de\/index.php?rest_route=%2Fwp%2Fv2%2Fproduct_tag&post=3000"}],"curies":[{"name":"wp","href":"https:\/\/api.w.org\/{rel}","templated":true}]}}