{"id":3153,"date":"2018-02-21T09:19:24","date_gmt":"2018-02-21T07:19:24","guid":{"rendered":"http:\/\/www.editionlempfer.de\/?post_type=product&#038;p=3153"},"modified":"2018-02-21T12:06:46","modified_gmt":"2018-02-21T10:06:46","slug":"tritsch-tratsch-polka","status":"publish","type":"product","link":"http:\/\/www.editionlempfer.de\/?product=tritsch-tratsch-polka","title":{"rendered":"Tritsch-Tratsch-Polka"},"content":{"rendered":"","protected":false},"excerpt":{"rendered":"<h6><span style=\"color: #808080;\">*Endpreis zzgl. Versandkosten, keine Ausweisung der Mehrwertsteuer gem\u00e4\u00df \u00a7 19 UStG<\/span><\/h6>\n<hr \/>\n<p><strong>Musik:<\/strong> Johann Strauss (Sohn), Op. 214<\/p>\n<p><strong>Arrangement:<\/strong>\u00a0Tobias Lempfer<\/p>\n<hr \/>\n<p><em>In diesem neuen Arrangement, das sehr dicht am Original angelehnt ist, begeistert die &#8218;Tritsch-Tratsch-Polka&#8216; wieder einmal Jung und Alt. <\/em><\/p>\n<p>&nbsp;<\/p>\n<p><strong><em>SCHWIERIGKEITSGRAD: <\/em><\/strong><em>Kategorie 2 (BDMV)<br \/>\n<\/em><\/p>\n<p><strong><em>DAUER: <\/em><\/strong><em>ca. 2&#8217;50 Minuten<br \/>\n<\/em><\/p>\n<hr \/>\n<p><em><strong>Demo C- und C\/B-Besetzung<\/strong><br \/>\n<\/em><\/p>\n[audio mp3=\"http:\/\/www.editionlempfer.de\/wp-content\/uploads\/2018\/02\/Tritsch-Tratsch-Polka-C-Demo.mp3\"][\/audio]\n<p>&nbsp;<\/p>\n<p><strong><em>Demo Ces\/Fes-Besetzung<\/em><\/strong><\/p>\n[audio mp3=\"http:\/\/www.editionlempfer.de\/wp-content\/uploads\/2018\/02\/Tritsch-Tratsch-Polka-CesFes-Demo.mp3\"][\/audio]\n<p>&nbsp;<\/p>\n<p><em><strong>Demo Fl\u00f6tenorchester<\/strong><\/em><\/p>\n[audio mp3=\"http:\/\/www.editionlempfer.de\/wp-content\/uploads\/2018\/02\/Tritsch-Tratsch-Polka-FO-Demo.mp3\"][\/audio]\n<hr \/>\n<ul>\n<li><strong>C-Besetzung:<\/strong> Piccolo Solo\/1\/2, Fl\u00f6te 1\/2\/3, Altfl\u00f6te in G (ad lib.), Bassfl\u00f6te (ad lib.), Kontrabassfl\u00f6te (ad lib.)<\/li>\n<li><strong>C\/B-Besetzung<\/strong>: Piccolo Solo\/1\/2, Sopran Solo\/1\/2, Fl\u00f6te 1\/2\/3, Altfl\u00f6te in G (ad lib.), Bassfl\u00f6te (ad lib.), Kontrabassfl\u00f6te (ad lib.)<\/li>\n<li><strong>Ces\/Fes-Besetzung:<\/strong> Sopran in Ces Solo\/1\/2, Alt in Fes 1\/2, Tenor in Ces<\/li>\n<li><strong>B\/Es-Besetzung:<\/strong> Sopran in B Solo\/1\/2, Alt in Es 1\/2, Tenor in B<\/li>\n<li><strong>Fl\u00f6tenorchester:<\/strong> Piccolo (Solo), Fl\u00f6te 1\/2\/3\/4, Altfl\u00f6te in G (ad lib.), Bassfl\u00f6te (ad lib.), Kontrabassfl\u00f6te (ad lib.)<\/li>\n<\/ul>\n<ul>\n<li><strong>Stabspiele<\/strong>: Glockenspiel (ad lib.), Xylophon (ad lib.), Marimba [1 Spieler+]<\/li>\n<li><strong>Schlagwerk:<\/strong> Pauken (ad lib.), Kleine Trommel (+ Triangel), Becken\/Gro\u00dfe Trommel [3 Spieler+]<\/li>\n<\/ul>\n<hr \/>\n<p><strong>Extra-Partituren<\/strong><\/p>\n","protected":false},"featured_media":3175,"comment_status":"closed","ping_status":"closed","template":"","meta":[],"product_cat":[23,21],"product_tag":[],"_links":{"self":[{"href":"http:\/\/www.editionlempfer.de\/index.php?rest_route=\/wp\/v2\/product\/3153"}],"collection":[{"href":"http:\/\/www.editionlempfer.de\/index.php?rest_route=\/wp\/v2\/product"}],"about":[{"href":"http:\/\/www.editionlempfer.de\/index.php?rest_route=\/wp\/v2\/types\/product"}],"replies":[{"embeddable":true,"href":"http:\/\/www.editionlempfer.de\/index.php?rest_route=%2Fwp%2Fv2%2Fcomments&post=3153"}],"wp:featuredmedia":[{"embeddable":true,"href":"http:\/\/www.editionlempfer.de\/index.php?rest_route=\/wp\/v2\/media\/3175"}],"wp:attachment":[{"href":"http:\/\/www.editionlempfer.de\/index.php?rest_route=%2Fwp%2Fv2%2Fmedia&parent=3153"}],"wp:term":[{"taxonomy":"product_cat","embeddable":true,"href":"http:\/\/www.editionlempfer.de\/index.php?rest_route=%2Fwp%2Fv2%2Fproduct_cat&post=3153"},{"taxonomy":"product_tag","embeddable":true,"href":"http:\/\/www.editionlempfer.de\/index.php?rest_route=%2Fwp%2Fv2%2Fproduct_tag&post=3153"}],"curies":[{"name":"wp","href":"https:\/\/api.w.org\/{rel}","templated":true}]}}

<h6><span style="color: #808080;">*Endpreis zzgl. Versandkosten, keine Ausweisung der Mehrwertsteuer gemäß § 19 UStG</span></h6>
<hr />
<p><strong>Musik:</strong> Johann Strauss (Sohn), Op. 214</p>
<p><strong>Arrangement:</strong> Tobias Lempfer</p>
<hr />
<p><em>In diesem neuen Arrangement, das sehr dicht am Original angelehnt ist, begeistert die &#8218;Tritsch-Tratsch-Polka&#8216; wieder einmal Jung und Alt. </em></p>
<p>&nbsp;</p>
<p><strong><em>SCHWIERIGKEITSGRAD: </em></strong><em>Kategorie 2 (BDMV)<br />
</em></p>
<p><strong><em>DAUER: </em></strong><em>ca. 2&#8217;50 Minuten<br />
</em></p>
<hr />
<p><em><strong>Demo C- und C/B-Besetzung</strong><br />
</em></p>
[audio mp3="http://www.editionlempfer.de/wp-content/uploads/2018/02/Tritsch-Tratsch-Polka-C-Demo.mp3"][/audio]
<p>&nbsp;</p>
<p><strong><em>Demo Ces/Fes-Besetzung</em></strong></p>
[audio mp3="http://www.editionlempfer.de/wp-content/uploads/2018/02/Tritsch-Tratsch-Polka-CesFes-Demo.mp3"][/audio]
<p>&nbsp;</p>
<p><em><strong>Demo Flötenorchester</strong></em></p>
[audio mp3="http://www.editionlempfer.de/wp-content/uploads/2018/02/Tritsch-Tratsch-Polka-FO-Demo.mp3"][/audio]
<hr />
<ul>
<li><strong>C-Besetzung:</strong> Piccolo Solo/1/2, Flöte 1/2/3, Altflöte in G (ad lib.), Bassflöte (ad lib.), Kontrabassflöte (ad lib.)</li>
<li><strong>C/B-Besetzung</strong>: Piccolo Solo/1/2, Sopran Solo/1/2, Flöte 1/2/3, Altflöte in G (ad lib.), Bassflöte (ad lib.), Kontrabassflöte (ad lib.)</li>
<li><strong>Ces/Fes-Besetzung:</strong> Sopran in Ces Solo/1/2, Alt in Fes 1/2, Tenor in Ces</li>
<li><strong>B/Es-Besetzung:</strong> Sopran in B Solo/1/2, Alt in Es 1/2, Tenor in B</li>
<li><strong>Flötenorchester:</strong> Piccolo (Solo), Flöte 1/2/3/4, Altflöte in G (ad lib.), Bassflöte (ad lib.), Kontrabassflöte (ad lib.)</li>
</ul>
<ul>
<li><strong>Stabspiele</strong>: Glockenspiel (ad lib.), Xylophon (ad lib.), Marimba [1 Spieler+]</li>
<li><strong>Schlagwerk:</strong> Pauken (ad lib.), Kleine Trommel (+ Triangel), Becken/Große Trommel [3 Spieler+]</li>
</ul>
<hr />
<p><strong>Extra-Partituren</strong></p>
