{"id":641,"date":"2014-09-27T13:06:45","date_gmt":"2014-09-27T11:06:45","guid":{"rendered":"http:\/\/editionlempfer.de\/?product=night-light-day"},"modified":"2016-11-17T12:46:31","modified_gmt":"2016-11-17T10:46:31","slug":"night-light-day","status":"publish","type":"product","link":"http:\/\/www.editionlempfer.de\/?product=night-light-day","title":{"rendered":"NIGHT. LIGHT. DAY!"},"content":{"rendered":"","protected":false},"excerpt":{"rendered":"<h6><span style=\"color: #808080;\">*Endpreis zzgl. Versandkosten, keine Ausweisung der Mehrwertsteuer gem\u00e4\u00df \u00a7 19 UStG<\/span><\/h6>\n<hr \/>\n<p><strong>Musik: <\/strong>Tobias Lempfer<\/p>\n<hr \/>\n<p><em>NIGHT. LIGHT. DAY! ist ein dreis\u00e4tziges Werk f\u00fcr Fl\u00f6tenorchester. Ich habe schon l\u00e4nger \u00fcber diesen Titel nachgedacht, doch erst mit dem Auftrag vom Landesmusikverand NRW e.V., ein Musikst\u00fcck f\u00fcr das LAO zu schreiben, konnte ich den Titel musikalisch umsetzen. Ich habe versucht, einige Ideen zu den Themen Nacht, Licht und Tag musikalisch auszudr\u00fccken.<\/em><\/p>\n<p><em>Der erste Satz &#8218;NIGHT.&#8216; ist nach einer ruhigen Einleitung stark bewegt. Die Fl\u00f6tenregister wechseln sich mit der Melodief\u00fchrung ab, um dann gemeinsamen H\u00f6hepunkten entgegenzusteuern. &#8218;LIGHT.&#8216;, der zweite Satz, ist eine gef\u00fchlvolle, herzergeifende Ballade, die auf einem lyrischen Thema des in Uelzen geborenen Komponisten Friedrich Kuhlau beruht. Der abschlie\u00dfende dritte Satz &#8218;DAY!&#8216; ist ein lustiges Allegretto, dass h\u00fcpfende Staccato-Passagen mit am\u00fcsanten Synkopen-Passagen verbindet und in einem fulminanten Finale endet.<\/em><\/p>\n<p><em>Das St\u00fcck das St\u00fcck ist bewusst so konzipiert, dass es auch auf Sandner-Fl\u00f6ten sehr gut spielbar ist. Die Stimmen f\u00fcr kleine Fl\u00f6ten lassen sich auf Piccolo und Sopranfl\u00f6te &#8218;bequem&#8216; spielen. Als Besonderheit kann die Stimme der Fl\u00f6te 1 auch von Es-Altfl\u00f6ten gespielt werden. Besonders reizvoll kann der Klangunterschied von B\u00f6hm- und Es-Altfl\u00f6te betont werden, wenn die Soli der Fl\u00f6te 1 nur von Es-Altfl\u00f6ten<br \/>\ngespielt werden. Der rauchige, gedeckte Klang der Es-Altfl\u00f6te wird somit zu einer spannenden Klangerg\u00e4nzung im Fl\u00f6tensatz!<\/em><\/p>\n<p><strong><em>Schwierigkeitsgrad:\u00a0<\/em><\/strong><em>BDMV<\/em> <em>Kategorie 4<\/em><\/p>\n<p><em><strong>DAUER:<\/strong> ca. 7&#8217;45 Minuten<\/em><\/p>\n<hr \/>\n<p>Ein Klangbeispiel dieses Titels darf aus urheberrechtlichen Gr\u00fcnden leider nicht ver\u00f6ffentlich werden. Sie k\u00f6nnen gerne ein Demo unter kontakt [@] editionlempfer.de anfordern.<\/p>\n<hr \/>\n<ul>\n<li><strong>C-Besetzung:<\/strong> Piccolo 1\/2, Fl\u00f6te 1\/2\/3, Altfl\u00f6te in G (ad lib.), Bassfl\u00f6te (ad lib.)<\/li>\n<li><strong>C\/B-Besetzung<\/strong>: Piccolo 1\/2, Sopran in B 1\/2, Fl\u00f6te 1\/2\/3, Altfl\u00f6te in G (ad lib.), Bassfl\u00f6te (ad lib.)<\/li>\n<li><strong>Ces\/Fes-Besetzung:<\/strong> Sopran in Ces 1\/2, Alt in Fes, Tenor in Ces 1\/2<\/li>\n<li><strong>B\/Es-Besetzung:<\/strong> Sopran in B 1\/2, Alt in Es, Tenor in B 1\/2<\/li>\n<li><strong>Stabspiele:<\/strong> Glockenspiel, Vibraphon, Xylophon, Marimba (Bass) [4 Spieler]<\/li>\n<li><strong>Schlagwerk:<\/strong> Pauken, Kleine Trommel, Bongos &amp; Congas, Toms, Gro\u00dfe Trommel, Shaker, Beatring &amp; Cabasa, Chimes &amp; Regenstab, sus. Cymbals &amp; Hi-Hat, Cymbals &amp; Hi-Hat [10 Spieler]<\/li>\n<\/ul>\n<p><span style=\"color: #6aa694;\"><em>Anmerkung: Es ist kein Bassmarimba erforderlich. Alle Kompositionen und Arrangements sind f\u00fcr ein Standard-4 \u2153-Oktaven-Marimba geschrieben. Sollten Marimba 1 und Marimba 2 besetzt sein, k\u00f6nnen die Stimmen ebenfalls auf einem 4 \u2153-Oktaven-Instrument gespielt werden.<\/em><\/span><\/p>\n<hr \/>\n<p><a href=\"http:\/\/www.editionlempfer.de\/?product=night-light-day-partitur\" target=\"_blank\"> Extra-Partituren<\/a><\/p>\n","protected":false},"featured_media":643,"comment_status":"closed","ping_status":"closed","template":"","meta":[],"product_cat":[22],"product_tag":[],"_links":{"self":[{"href":"http:\/\/www.editionlempfer.de\/index.php?rest_route=\/wp\/v2\/product\/641"}],"collection":[{"href":"http:\/\/www.editionlempfer.de\/index.php?rest_route=\/wp\/v2\/product"}],"about":[{"href":"http:\/\/www.editionlempfer.de\/index.php?rest_route=\/wp\/v2\/types\/product"}],"replies":[{"embeddable":true,"href":"http:\/\/www.editionlempfer.de\/index.php?rest_route=%2Fwp%2Fv2%2Fcomments&post=641"}],"wp:featuredmedia":[{"embeddable":true,"href":"http:\/\/www.editionlempfer.de\/index.php?rest_route=\/wp\/v2\/media\/643"}],"wp:attachment":[{"href":"http:\/\/www.editionlempfer.de\/index.php?rest_route=%2Fwp%2Fv2%2Fmedia&parent=641"}],"wp:term":[{"taxonomy":"product_cat","embeddable":true,"href":"http:\/\/www.editionlempfer.de\/index.php?rest_route=%2Fwp%2Fv2%2Fproduct_cat&post=641"},{"taxonomy":"product_tag","embeddable":true,"href":"http:\/\/www.editionlempfer.de\/index.php?rest_route=%2Fwp%2Fv2%2Fproduct_tag&post=641"}],"curies":[{"name":"wp","href":"https:\/\/api.w.org\/{rel}","templated":true}]}}