{"id":686,"date":"2014-09-27T13:46:15","date_gmt":"2014-09-27T11:46:15","guid":{"rendered":"http:\/\/editionlempfer.de\/?product=renaissance-suite"},"modified":"2016-11-17T12:44:52","modified_gmt":"2016-11-17T10:44:52","slug":"renaissance-suite","status":"publish","type":"product","link":"http:\/\/www.editionlempfer.de\/?product=renaissance-suite","title":{"rendered":"Renaissance-Suite"},"content":{"rendered":"","protected":false},"excerpt":{"rendered":"<h6><span style=\"color: #808080;\">*Endpreis zzgl. Versandkosten, keine Ausweisung der Mehrwertsteuer gem\u00e4\u00df \u00a7 19 UStG<\/span><\/h6>\n<hr \/>\n<p><strong>Musik: <\/strong>Nicolaus Adam Strungk<\/p>\n<p><strong>Arrangement: <\/strong>Tobias Lempfer<\/p>\n<hr \/>\n<p><em>Das Arrangement ist f\u00fcr gro\u00dfes Fl\u00f6tenensemble konzipiert. Die Suite von Strungk (1640-1700) ist mit ihren vier kurzen S\u00e4tzen (Allegro, Air, Bourr\u00e9e und Menuett) ein Kontrastpunkt und damit eine wahre Bereicherung in jedem Konzertprogramm. Aber auch in solistischer Besetzung vermag dieses Werk zu bezaubern.<\/em><\/p>\n<p><em>Alt- und Bassfl\u00f6ten <span style=\"text-decoration: underline;\">m\u00fcssen<\/span> besetzt sein. Leider nicht in Ces-\/Fes- oder B-\/Es-Besetzung realisierbar.<\/em><\/p>\n<p><em><strong>SCHWIERIGKEITSGRAD:<\/strong> Kategorie 3<br \/>\n<\/em><\/p>\n<p><em><strong>DAUER:<\/strong> ca. 4&#8217;00 Minuten<\/em><\/p>\n<hr \/>\n<ul>\n<li><strong>C-Besetzung:<\/strong> Piccolo 1\/2, Fl\u00f6te Solo\/1\/2\/3, Altfl\u00f6te in G, Bassfl\u00f6te, Kontrabassfl\u00f6te (ad lib.)<\/li>\n<li><strong>C\/B-Besetzung:<\/strong> Piccolo 1\/2, Sopran Solo\/1\/2, Fl\u00f6te Solo\/1\/2\/3, Altfl\u00f6te in G, Bassfl\u00f6te, Kontrabassfl\u00f6te (ad lib.)<\/li>\n<\/ul>\n<hr \/>\n<p><a href=\"http:\/\/www.editionlempfer.de\/?product=renaissance-suite-partitur\" target=\"_blank\"> Extra-Partituren<\/a><\/p>\n","protected":false},"featured_media":688,"comment_status":"closed","ping_status":"closed","template":"","meta":[],"product_cat":[23,26],"product_tag":[],"_links":{"self":[{"href":"http:\/\/www.editionlempfer.de\/index.php?rest_route=\/wp\/v2\/product\/686"}],"collection":[{"href":"http:\/\/www.editionlempfer.de\/index.php?rest_route=\/wp\/v2\/product"}],"about":[{"href":"http:\/\/www.editionlempfer.de\/index.php?rest_route=\/wp\/v2\/types\/product"}],"replies":[{"embeddable":true,"href":"http:\/\/www.editionlempfer.de\/index.php?rest_route=%2Fwp%2Fv2%2Fcomments&post=686"}],"wp:featuredmedia":[{"embeddable":true,"href":"http:\/\/www.editionlempfer.de\/index.php?rest_route=\/wp\/v2\/media\/688"}],"wp:attachment":[{"href":"http:\/\/www.editionlempfer.de\/index.php?rest_route=%2Fwp%2Fv2%2Fmedia&parent=686"}],"wp:term":[{"taxonomy":"product_cat","embeddable":true,"href":"http:\/\/www.editionlempfer.de\/index.php?rest_route=%2Fwp%2Fv2%2Fproduct_cat&post=686"},{"taxonomy":"product_tag","embeddable":true,"href":"http:\/\/www.editionlempfer.de\/index.php?rest_route=%2Fwp%2Fv2%2Fproduct_tag&post=686"}],"curies":[{"name":"wp","href":"https:\/\/api.w.org\/{rel}","templated":true}]}}